ime?
False
Is 5039 a prime number?
True
Is 9967 a composite number?
False
Is 3674435 composite?
True
Is 240821 a composite number?
True
Is 45183 prime?
False
Is 351457 a composite number?
False
Is 11906 a composite number?
True
Is 141779 a prime number?
False
Is 202471 composite?
False
Is 19253 a prime number?
False
Is 1562909 composite?
True
Is 289837 a composite number?
False
Is 57185 a prime number?
False
Is 111599 composite?
False
Is 50089 a prime number?
False
Is 1097 a prime number?
True
Is 912007 a composite number?
False
Is 2807 composite?
True
Is 493873 a prime number?
True
Is 115639 prime?
False
Is 697673 a prime number?
True
Is 776255 a composite number?
True
Is 4561 a prime number?
True
Is 472993 composite?
False
Is 5803 prime?
False
Is 499819 prime?
True
Is 11965 prime?
False
Is 371981 a composite number?
False
Is 272849 prime?
False
Is 14281 composite?
False
Is 1249 composite?
False
Is 123527 prime?
True
Is 1244083 prime?
True
Is 455953 a composite number?
False
Is 26903 prime?
True
Is 27179 composite?
False
Is 3276181 a prime number?
True
Is 4981 a prime number?
False
Is 191 a composite number?
False
Is 53854 composite?
True
Is 155723 a prime number?
True
Is 8131 prime?
False
Is 310711 a composite number?
False
Is 56779 a prime number?
True
Is 21171 a prime number?
False
Is 1303366 a composite number?
True
Is 246661 composite?
False
Is 43379 composite?
True
Is 28115 a prime number?
False
Is 84355 a prime number?
False
Is 144407 composite?
False
Is 10559 composite?
False
Is 305917 composite?
False
Is 189593 a prime number?
True
Is 55247 composite?
True
Is 13163 prime?
True
Is 10559 a composite number?
False
Is 63977 prime?
True
Is 672629 composite?
False
Is 75011 a prime number?
True
Is 1218089 a composite number?
False
Is 2357 a composite number?
False
Is 202897 composite?
True
Is 86837 a prime number?
True
Is 17669 composite?
False
Is 5567 a prime number?
False
Is 134399 a composite number?
False
Is 211749 a composite number?
True
Is 677 composite?
False
Is 1351 a prime number?
False
Is 20993 a composite number?
True
Is 3281 a prime number?
False
Is 28961 composite?
False
Is 257273 composite?
False
Is 169511 prime?
False
Is 2272687 composite?
True
Is 680093 composite?
True
Is 1322377 a composite number?
True
Is 3659 composite?
False
Is 20662 composite?
True
Is 1657 a composite number?
False
Is 83431 a prime number?
True
Is 259609 a composite number?
True
Is 183605 a prime number?
False
Is 1069 a prime number?
True
Is 87931 a prime number?
True
Is 23159 composite?
False
Is 1437 composite?
True
Is 762779 prime?
True
Is 12029 a composite number?
True
Is 70423 prime?
True
Is 65639 composite?
True
Is 21139 a composite number?
False
Is 10931 a prime number?
False
Is 201767 a prime number?
True
Is 1227494 composite?
True
Is 24901 composite?
True
Is 150541 composite?
True
Is 157921 composite?
True
Is 995903 a prime number?
True
Is 29609 a prime number?
False
Is 101267 a composite number?
False
Is 516139 prime?
False
Is 40151 a composite number?
False
Is 67274 a prime number?
False
Is 691683 composite?
True
Is 8321 a composite number?
True
Is 921 prime?
False
Is 8842 composite?
True
Is 15227 a prime number?
True
Is 1437 a composite number?
True
Is 214967 a prime number?
True
Is 13799 a prime number?
True
Is 15919 composite?
False
Is 11141 composite?
True
Is 20329 a composite number?
True
Is 12569 a composite number?
False
Is 591295 a prime number?
False
Is 532307 prime?
True
Is 1181 a prime number?
True
Is 403133 a composite number?
False
Is 27121 a composite number?
True
Is 135367 composite?
False
Is 5147 composite?
False
Is 576295 composite?
True
Is 22535 composite?
True
Is 307817 prime?
True
Is 3482 a composite number?
True
Is 844601 a composite number?
False
Is 219043 composite?
True
Is 3991 prime?
False
Is 85979 a prime number?
False
Is 4817 a prime number?
True
Is 2531 a prime number?
True
Is 14933 a composite number?
True
Is 24659 a prime number?
True
Is 26083 a prime number?
True
Is 144139 prime?
True
Is 5311 composite?
True
Is 3043 a composite number?
True
Is 34621 a prime number?
False
Is 1561 a prime number?
False
Is 3427 a composite number?
True
Is 26557 composite?
False
Is 140977 composite?
False
Is 635 composite?
True
Is 16243 composite?
True
Is 639346 prime?
False
Is 116483 composite?
False
Is 168787 a prime number?
False
Is 4717 composite?
True
Is 15133 a prime number?
False
Is 11677 composite?
False
Is 26269 prime?
False
Is 6718 a prime number?
False
Is 2047141 a composite number?
False
Is 674435 prime?
False
Is 36349 prime?
False
Is 35387 a composite number?
True
Is 20686 a prime number?
False
Is 13439 composite?
True
Is 30001 a composite number?
True
Is 916901 prime?
False
Is 1230826 a prime number?
False
Is 8651 a prime number?
False
Is 4252297 a composite number?
True
Is 875579 a composite number?
False
Is 94513 prime?
True
Is 85 composite?
True
Is 12437 a composite number?
False
Is 16367 a prime number?
False
Is 1901 a composite number?
False
Is 8637 a composite number?
True
Is 4369 prime?
False
Is 68183 a prime number?
False
Is 7111 prime?
False
Is 4117 a composite number?
True
Is 171731 a prime number?
False
Is 79531 prime?
True
Is 595762 a prime number?
False
Is 22843 composite?
True
Is 185 prime?
False
Is 7273 a prime number?
False
Is 78619 prime?
False
Is 675923 composite?
False
Is 3269 a prime number?
False
Is 106853 a prime number?
True
Is 1776067 prime?
True
Is 5435 a composite number?
True
Is 3787 a prime number?
False
Is 52351 prime?
False
Is 18119 a composite number?
False
Is 385511 a composite number?
True
Is 4373405 prime?
False
Is 53299 composite?
False
Is 1471 a prime number?
True
Is 11359 prime?
False
Is 719 composite?
False
Is 3049 a prime number?
True
Is 27581 prime?
True
Is 800561 a composite number?
True
Is 87313 composite?
False
Is 13163 prime?
True
Is 3607 composite?
False
Is 137963 composite?
True
Is 33529 composite?
False
Is 251033 prime?
True
Is 330271 a composite number?
False
Is 69221 prime?
True
Is 15439 prime?
True
Is 18353 a prime number?
True
Is 3743 a prime number?
False
Is 2316893 a composite number?
False
Is 1537 a prime number?
False
Is 8506 prime?
False
Is 631 a prime number?
True
Is 130259 prime?
True
Is 5998 a prime number?
False
Is 15439 prime?
True
Is 73079 a prime number?
True
Is 7509 a composite number?
True
Is 30269 a composite number?
False
Is 39723 prime?
False
Is 2819 a prime number?
True
Is 1097 prime?
True
Is 4357 a prime number?
True
Is 2845 a prime number?
False
Is 156071 a prime number?
True
Is 7727 a composite number?
False
Is 3265 composite?
True
Is 4349 a prime number?
True
Is 20681 prime?
True
Is 461191 prime?
True
Is 30111 prime?
False
Is 8923 a composite number?
False
Is 1052278 a prime number?
False
Is 388787 a prime number?
False
Is 1170413 a composite number?
True
Is 633 a composite number?
True
Is 958 composite?
True
Is 118049 prime?
False
Is 109105 a prime number?
False
Is 9327 a prime number?
False
Is 527815 prime?
False
Is 23083 a prime number?
False
Is 2403001 prime?
False
Is 161869 composite?
False
Is 17801 a composite number?
True
Is 8749 a prime number?
False
Is 78779 a prime number?
True
Is 4078 prime?
False
Is 439 a prime number?
True
Is 90883 composite?
True
Is 389579 prime?
True
Is 12031 prime?
False
Is 18227 prime?
False
Is 6913 a composite number?
True
Is 733043 a prime number?
False
Is 3574 prime?
False
Is 24991 a composite number?
True
Is 38507 prime?
False
Is 482393 prime?
True
Is 15869 a prime number?
False
Is 70223 composite?
False
Is 73099 composite?
True
Is 42037 a prime number?
False
Is 142351 a prime number?
False
Is 114265 a prime number?
False
Is 203633 composite?
True
Is 84089 composite?
False
Is 165259 a prime number?
False
Is 15947 a prime number?
False
Is 26303 prime?
False
Is 2927 a composite number?
False
Is 178681 a composite number?
False
Is 1277 composite?
False
Is 130079 a prime number?
True
Is 3047 a composite number?
True
Is 3460255 composite?
True
Is 400339 composite?
False
Is 62255 a prime number?
False
Is 499 prime?
True
Is 133 a prime number?
False
Is 91159 a prime number?
True
Is 490367 a composite number?
False
Is 171251 a composite number?
False
Is 26903 prime?
True
Is 717527 composite?
False
Is 254069 a com